74) + 301?
-12
Evaluate (48 - (22 - -14) - (-3 - -30)) + 14.
-1
Calculate -570 + 1039 - 530 - (0 - -2 - (2 + 3)).
-58
-96 + 1 - (-6 + 25 + 37 + -55)
-96
What is the value of 16 + (-22 - (-2 + 18 + -26))?
4
Evaluate -20 - ((-65 - -27) + (-8 - 4)).
30
(-24 - 2) + 21 + -21
-26
What is the value of 63 - (0 - ((9 - (16 - -1)) + -10))?
45
Evaluate -9 + (0 - (27 - (-1 - 9))) + (2 - 12).
-56
Evaluate -9 + (127 - 6 - -8 - 6) - (-65 - -55).
124
Calculate 84 + (-161 + -61 - -31).
-107
What is (14 - 1) + (113 - 58) + -81 - 30?
-43
-27 + 37 + -34 + 16
-8
What is 46 + (1 - 12 - (-24 + 25 + 27 - 50))?
57
Evaluate -23 - 31 - (-16 + -17).
-21
Evaluate (134 - 139) + -69 + -16.
-90
-20 - (-2 + -21 + -3)
6
What is -70 + 3 + -2 - (-1752 + 1746)?
-63
What is 94 - (-72 - -81 - (-1 + -3 - (31 + -35)))?
85
What is 6 + 19 + 82 + -86 - 74?
-53
What is -4 - ((-77 - -42) + -32)?
63
What is 26 + 17 + -97 - -99?
45
Calculate -23 + -3 + 1 - (52 + -19).
-58
Calculate 1 + (4 - (-54 + 1 - (-122 - -112))).
48
Calculate 46 + -91 + (149 - -5) + (0 - 19).
90
What is the value of -2 + -23 + (-8818 - -8827)?
-16
-131 + (132 - 88) - ((9 - 3) + -3 - 5)
-85
What is (24 - (3 - (-10 + -8 + 16) - 6)) + -3?
22
(0 - (-2 - -3)) + (-113 - -5 - -76)
-33
What is -2 - -10 - (50 - (113 - 53))?
18
What is (-1 - 60 - (-47 - (-151 - -92))) + 9?
-64
What is the value of 70 + (9 + -1 - (37 - (-9 + 35)))?
67
Calculate -30 - (13 - (-5 + 13)) - -147.
112
Calculate -8 + (-3 - -4) + -16 + 26 + -86 + -4.
-87
8 + (-42 - (45 - 78)) + (-13 - -2) - -64
52
Evaluate (-1 - -6) + 51 + 1 + (12 - -55) + -75.
49
Calculate -53 - (-122 + (38 - 14)).
45
Calculate 37 - (-1 - 4 - (-5 + 1 + -17 + 8)).
29
Evaluate 1 - (14 - (-8 + 4 + 26)) - -63.
72
Calculate -10062 + 10237 + (0 - (47 + 0)).
128
Calculate 50 + (-305 - -304 - (2 + (9 - 2))).
40
(-6754 - -6668) + (-1 - -9)
-78
-25 + 15 + 0 + -8 + 7 + -7
-18
What is the value of 0 + -8 + -34 + 19 + (13 - 2) + -30?
-42
-1 - (-2 - -20) - (48 - 27 - 14)
-26
What is the value of -54 + (2 + -49 - (56 + -139))?
-18
(-13 + 0 - (-8 - -1) - -9) + (-3 - -9)
9
Evaluate -178 + 103 + (-42 - -221).
104
What is 8 + (-10 + -8 + 26 - (91 + -1) - 13)?
-87
Evaluate -2 + 0 - -17 - (1524 - 1510).
1
What is -2 + 7 - (-411 + 314) - 25?
77
What is -35 + (41 + 27 - 59)?
-26
What is 5 + (2 - -5) - (17 + 55 - 10)?
-50
-236 - -200 - (-77 - 46)
87
Evaluate 14 - (4 + -13 + -25 + 5 + 9).
34
What is the value of -43 + (10 - 2) + (-4 + 0 - (141 + -156))?
-24
Evaluate -110 - (248 + -394) - (0 - 3).
39
What is the value of -793 - -807 - (-3 + 0 + 0 - (1 + 7))?
25
What is (-20 - -7) + (-3 - (9 + -8 + -35))?
18
Evaluate 28 + 29 + -78 + 9 + (2 - 0).
-10
Calculate (-45 - 1) + (1098 - 1104).
-52
What is the value of -452 + 425 - (15 - 4)?
-38
What is 8 - (27 - (12 + -21))?
-28
(-2 + -2 - (-30 + 11)) + 3 - 4
14
(197 - 270) + -29 + (1 - 0) + (-12 - -9)
-104
What is the value of (233 - 251) + (3 - (-7 - 16))?
8
What is (36 - 24) + (21 - 24 - (-1 - -30))?
-20
Evaluate 11 + (8 + -27 - 79 - -2) + 8.
-77
-109 - (-1 + -73 + 54)
-89
What is -105 - -77 - (1 - 63) - 71?
-37
What is 0 + -6 + -99 + -13 + 108?
-10
(-22 - -1) + 1 + (6 - (-7 + 32 + -20))
-19
Evaluate 4 - (-35 + (-27 - -16)).
50
Calculate (-57 - 62 - -141) + -33 + -1.
-12
Evaluate (-15 - -11) + 9 + -4 + (-7 - (-6 + 6)).
-6
What is (0 + 0 - 8) + (2 - 0) + -27 + 0?
-33
-12 + 2 + (62 - (6 - (5 - -12))) + -5
58
What is the value of -15 - (9 + -16 - (15 + 34))?
41
Calculate -24 - (-19 - 23 - -20) - (3 + -1 - -63).
-67
What is the value of 45 + -56 + 47 + -76?
-40
Evaluate 66 + 5 + 0 + -16 + 8 + 33 + -26.
70
What is (-55 - -23 - -20) + 5 + -3 + 44?
34
Evaluate 43 - (1 + -7 + 44).
5
What is -9 - (3 + 0 + -2 + (2 - 5 - -29))?
-36
Calculate -7 + (-9 + 0 - (218 + -225)).
-9
Calculate 46 + (0 - -4 - 14).
36
Calculate -105 - (-17 - 135 - -67).
-20
What is -58 - ((-20 - -53) + -1)?
-90
Calculate (9 + -18 - (-11 + -5)) + -20 + 28.
15
What is 12 - ((208 + -227 - (1 + -1)) + 11)?
20
-56 - ((-12 + 11 + 5 + 10 - 13) + -2)
-55
Calculate (-6 - (14 - (-11 - -1))) + (4 - (-4 - 1)).
-21
What is -36 + 88 + -14 - 37?
1
What is the value of ((11 - 10) + -19 - -59) + 11 + -1?
51
What is 31 + -20 + -12 - (26 - (-1 + 8))?
-20
What is the value of -26 + (-7 - 2) + -15 - -38?
-12
Evaluate -5 + (2 - 103) - -52.
-54
7 - ((-29 - -94) + -30 - -24)
-52
What is the value of (-211 - -146) + -50 - (-10 - 1)?
-104
Evaluate 663 + -639 - (1 - -69).
-46
Evaluate (-12627 - -12535) + (-1 - -37).
-56
7 - (-3 + 4) - (-97 - -3 - (221 + -229))
92
What is the value of -72 - ((-41 - -38) + (0 - 22))?
-47
Calculate (1 + (3 - (-26 + 14)) + -1 - 126) + -7.
-118
What is 33 + (-51 - (197 - 106))?
-109
Evaluate 6358 - 6335 - (0 - 39).
62
Calculate 27 - ((132 - 1) + (3022 - 3056)).
-70
Evaluate -51 + 1 + 5 + (114 - 112).
-43
What is the value of -78 + 87 - ((-2 - (2 + -2)) + 53)?
-42
-40 + (-32 - (55 + -37))
-90
What is -16 + -13 + -9 - (-4 + -3)?
-31
What is 17 - (-10 + -5 + 22 - 5 - 4)?
19
Calculate -17 + (-33 - -29) + 28 + 0 + -70.
-63
What is (-833 - -733) + 3 + 138?
41
33 - (54 - (-12 - -84))
51
88 + -16 + -2 - 61
9
-93 - (92 - 220) - (4 - 0)
31
76 + -1 + 1456 + -1478
53
Calculate -5 - (8 - (-15 - -17)) - (0 - -95).
-106
What is 36 - (-64 + 79 - 51)?
72
Calculate (3 - (-8 + 106 + -15)) + (2 - (3 + 7)).
-88
Evaluate -24 - (-11 - (91 + 7 + -26)).
59
What is the value of (-3 + -2 - (7 + -9)) + (8 - 16 - -4)?
-7
Calculate 10 - (-10 + 2 + 7 - (40 - 27)).
24
(-36 - (-20 + -37)) + (-40 - -3)
-16
What is the value of -7 + 35 + -1 + 24 - (15 - 1)?
37
Calculate 46 - (2 + 29 - ((-33 - -20) + 32)).
34
What is 19 - (3 + -2 + 1 + 21 + 83 + -95)?
8
(-57 - (31 - 8)) + (-1 - -9) - -12
-60
Calculate (2 - 9 - -2) + (-75 - -50) + 60.
30
Calculate (9 - (32 + -19)) + -33.
-37
(-11 + 19 - 8) + (9 - 45)
-36
Evaluate 13 + (-72 + 7 + -14 - (-10 - -1)).
-57
What is 85 - 4 - (-6 - -27 - 4)?
64
(153 - 211) + (7 - -55)
4
Calculate 0 + 4 + (-20 - -2 - (-62 - -57)).
-9
What is -44 + (2 - 11 - (-103 - -105)) + -6?
-61
What is the value of -271 - -279 - (1 + 52) - (9 + 3 + -3)?
-54
Calculate (-2 - (12 - 3)) + 78 + 13 + -4 + -8.
68
Calculate -36 - ((55 - 19) + (-48 - -23)).
-47
What is the value of -20 + (-7 - -3 - -6 - 24)?
-42
Evaluate 6 - (-3 + 4 + (8 - 1)).
-2
What is the value of (-78 - -65) + -50 + 18?
-45
-10 + (17 - 9) + (-19 - -10) + -12 - 8
-31
What is the value of 99 - (93 + -158 - -68)?
96
What is the value of 30 - ((176 - 40) + (-8 - 11))?
-87
What is 5 - ((-10 - -1) + (-745 - -774))?
-15
(10 - (8 + -14 - -17) - 3) + (-2 - -22)
16
(-3 - -2) + 5 - (52 - 33)
-15
Calculate 6 - -3 - (-447 + 444 + (0 - 1 - 14)).
27
(27 - 19) + -24 - -16 - (-2 - 18) - -4
24
What is the value of -4 + -4 + -635 + 680?
37
Calculate (3 - 75) + (79 - 0).
7
9 + -5 + 4 - (-165 - -201)
-28
What is -968 + 987 - (-28 - 0)?
47
Evaluate -41988 - -41980 - (8 + (0 - -2)).
-18
What is -3 + 57 - ((42 + -11 - 18) + -6)?
47
Evaluate -10 + 101 + 26 + (-31 - -3).
89
Evaluate 13 - (-98 + 208) - 8.
-105
What is the value of -3 + 11 - (-23 + 20 + 31)?
-20
-2 - (4 + (-1 - -3)) - (-104 - -98)
-2
Evaluate 1 + -1 + 12 - (36 - -43 - 89).
22
What is -11 + (0 - -6 - (-4 - 120 - -117))?
2
What is (1 - 128) + ((-27 - -3) + 6 - 23) + 28?
-140
What is the value of (152 - 113) + (56 - 105)?
-10
What is -20 + -2 + (-49 - -64)?
-7
(10 - -1) + -13 + -11 + 18 + 88
93
Calculate (-5 - -18) + (2 - 15) + -32.
-32
Evaluate 2 + (3 - 7) - -17 - (467 - 414).
-38
Evaluate 37 - (-10 + 2 + 10) - (3 + -1).
33
Evaluate (3 - ((40 - 34) + -1 + -7)) + 50.
55
-60 + -8 + 19 + -3 + 1 + (10 - 0)
-41
What is 8 + 1 - (6 + 45 + -17 + 6)?
-31
(0 - 3) + 66 + -28 - 32
3
27 + -52 - 38 - -17
-46
What is the value of -215 + 221 - (27 + 8 + (-1 - -1))?
-29
(-3 - 0) + 12 + 1 - (-23 - 23)
56
What is the value of -38 + (29 - (13 + -30)) + 97?
105
What is 118 - (-19 + 1 + 35 + 27 + -46)?
120
What is 101 + -435 + 141 - -131?
-62
What is (10 + -1 - -2) + -17 + -25?
-31
Calculate 19 + -9 - (44 - -12).
-46
What is the value of 29 + (7 - (12 + 25 - 26))?
25
(42 - 6) + -23 + (-4 - (6 - 4))
7
Calculate -21 + 22 + (0 - (1 + -16)) + 6 + -2.
20
Calculate (1 + 9 - (-1 - -8)) + (14 - 22) + 8.
3
Calculate 0 + 45 - ((1 - -19) + (38 - 88) + 33).
42
What is 2 - 0 - (145 + -26 + -56 + 19)?
-80
What is -84 - -37 - 15 - 14?
-76
What is the value of 5